p). Suppose 2593*h + 1321*h + 43054 = 0. Calculate t(h).
23
Let l(x) = x**2 - 5*x + 1. Let b be l(5). Let t(r) = 49*r - 280. Let n be t(7). Let y(p) = b - 4*p - 62*p**3 - 6 - 2*p**2 + n*p**3. Calculate y(4).
11
Let g = 698 + -694. Let h(r) be the first derivative of -4 - 1/2*r**2 + 1/3*r**3 + 0*r. Give h(g).
12
Let a be (-160)/10*(-2)/(-4). Let t(s) = -s**3 - 8*s**2 - 3*s - 22. Give t(a).
2
Suppose -21*b + 22*b - 51 = 0. Let v be (-3)/1 + 14*-3. Let o = b + v. Let q(g) = g + 6. Calculate q(o).
12
Let k(z) = -5*z + 8. Let b be (-1 - 5/(-10))/(2/8). Let v(j) = j - 2. Let q(m) = b*k(m) - 9*v(m). Calculate q(12).
14
Let d(p) = 3*p + 15. Let j be d(10). Suppose -8*f = f - j. Suppose f*s = 15, -3*s - s + 2 = -2*l. Let a(b) = -b**2 + 7*b - 1. Determine a(l).
9
Let f(j) = -j + 2. Let h be 186/38 - 5 - (-80)/38. Let v be -5 - 0 - h/((-6)/39). Determine f(v).
-6
Suppose 3*x = -4*m, -43*m - x + 2 = -41*m. Suppose -11 = 3*t - q - 4*q, 3*q = 12. Let f(u) = u**3 + u**3 - 2*u**2 - u**t - 2 + 2*u. Determine f(m).
13
Suppose 2*n - 6*c + 2 = 0, 12*n - 10*n = c - 2. Let t(v) = 3*v**3 + 3*v**2 + 4*v. Determine t(n).
-4
Let l(o) = 20*o**2 + 3*o - 5. Let f be -5*4 - (-2156)/98. Determine l(f).
81
Let m(s) = -945 + 1501 - 768 - 52*s. Determine m(-4).
-4
Let t(j) = j + 6. Let p be (5208/(-15))/((-24)/60). Let g = 860 - p. Give t(g).
-2
Let s(q) = 3*q**3 + 2*q + 1. Let b(l) = -2*l**3 - 2*l - 1. Let n(f) = -5*b(f) - 4*s(f). Let u = -284 - -653. Let z = 368 - u. Calculate n(z).
1
Let k be (-9)/(-6) - 5/(-10). Suppose k*r + 2*r - 12 = 0. Let j(t) = r - 3*t - 3 - 4. Give j(-3).
5
Let m = 11 + -18. Let i(u) = 2*u**2 + 3 + 0*u**2 + 4 - 5*u - 8*u. Let s(v) = -v**2 + 11*v - 4. Let d(c) = -2*i(c) - 3*s(c). Determine d(m).
-2
Let h(m) = 45*m + 11 - 8*m**3 - 29*m + 11*m**2 - 2*m**3 - 27*m. Let p(w) = 4*w**3 - 5*w**2 + 5*w - 5. Let l(q) = 6*h(q) + 13*p(q). Determine l(1).
-7
Let x be (-3 + 3 + 1)*1*-1. Let o(y) = -y**2 - 47*y + 9. Let u(l) = l**2 + 20*l - 4. Let h(z) = -3*o(z) - 7*u(z). Determine h(x).
-4
Let v(s) be the third derivative of 13*s**4/24 + 208*s**3/3 + 11*s**2 - 252*s. Calculate v(-32).
0
Let u(m) be the second derivative of m**5/60 + m**4/8 + m**3/3 - 35*m**2/2 - 11*m. Let w(i) be the second derivative of u(i). What is w(-2)?
-1
Let f(a) = 5 - 2 - 13*a - 5 - 4 + a**2 + 8*a. What is f(5)?
-6
Let j(s) = 2*s + 15. Let g(i) = -28*i**3 + 726*i**2 + 56*i - 91. Let p be g(26). What is j(p)?
41
Let l(x) = 3*x - 1. Let y(j) = 22*j - 3. Let w(u) = 6*l(u) - y(u). Determine w(-2).
5
Let q(p) = p**3 + 5*p**2 - 7*p - 11. Let u be (30/(-25))/(5/25). Let m be q(u). Let y(j) = 2*j**2 + 10*j + 5. Calculate y(m).
5
Let i(c) = -14*c + 10. Suppose -85*p = 56 + 284. Give i(p).
66
Let k = 204 + -207. Let q(a) = -a**3 - 8*a**2 + 3*a + 8. Let t(l) = -l**3 - 7*l**2 + 2*l + 7. Let x(j) = k*t(j) + 2*q(j). Give x(-4).
11
Let r(q) be the third derivative of q**5/60 + 3*q**4/8 - 4*q**3/3 + 2*q**2. Suppose -279351 = -29*n - 279641. Determine r(n).
2
Let r(m) = -m**2 - 3. Let f(t) be the third derivative of 21*t**2 + 1/3*t**4 + 0 + 0*t + 0*t**3 + 3/20*t**5 + 1/120*t**6. Let b be f(-8). What is r(b)?
-3
Let d(a) be the second derivative of a**4/6 - 3*a**3/2 + 5*a**2 + 13*a + 21. What is d(4)?
6
Let d(y) = -7*y**2 - 22*y - 2. Suppose 53*k = 11*k - 126. What is d(k)?
1
Let s(v) = -v**3 + 9*v**2 - 3*v + 7. Let t = 10438 - 10429. What is s(t)?
-20
Let k(r) = 5*r**2 - 44*r. Let g be k(9). Let d(w) = -2*w**3 + 17*w**2 + 10*w - 18. What is d(g)?
-9
Let j = 3361 - 3355. Let r(k) = k**3 - 4*k**2 - 5*k - 7. Give r(j).
35
Let l be (-2)/2 - 3*-9. Let w = l - 30. Let f(r) be the third derivative of r**6/120 + r**5/20 - r**4/8 + r**3/6 + 9*r**2 - 2*r. Calculate f(w).
-3
Let d(y) = 50*y - 342. Let k(b) = 198*b - 1331. Let w(l) = 13*d(l) - 3*k(l). Give w(8).
-5
Let q(c) = -c**2 + 10*c + 11. Suppose 5*n + 4*m - 90 = 0, -2*n + 8 = 2*m - 6*m. Suppose n*w = -7*w + 210. Determine q(w).
11
Let c(g) = g. Let f = -38 - -41. Let m be c(f). Let x(b) = -b + b**2 + 3*b**2 + 0*b**3 - b**3 - 4. Give x(m).
2
Let v be (1 - 9) + (7 - -14) - 7. Let x(y) = -y**3 + y**2 + 30*y + 13. Determine x(v).
13
Suppose 2*p + 5*r - 15 = 42, -3*p - 3*r + 63 = 0. Let k(n) = n - 8. Let c be k(p). Suppose c = -8*b - 40. Let t(h) = h + 2. Determine t(b).
-4
Let p(j) = j**3 + 3*j**2 + 4*j + 10. Suppose -3*k + 174 = -61*k. What is p(k)?
-2
Let m(l) = -l**2 + 5*l - 3. Suppose 0 = -2*z - 5*q + 281, 2*q + 383 = 5*z - 247. Let w = z + -123. What is m(w)?
-3
Suppose -4*t = 1488 - 1484. Let x(k) = 16*k + 9. Calculate x(t).
-7
Let k(d) be the second derivative of d**4/6 + 35*d**3/6 - 71*d**2/2 + 1408*d. Determine k(2).
7
Let w be (0 - 2/6)/(15/5895). Let m = w - -127. Let k(o) = o**2 + 5*o + 3. Give k(m).
-1
Let r(x) be the first derivative of -x**2 + 13*x - 21. Let n(o) = -o + 6. Let v(m) = -7*n(m) + 4*r(m). Determine v(7).
3
Suppose 0*q - 4*q + 16 = 0. Suppose h = -h + q. Let x(k) = 5*k + 4 + 6 - 6 + h + k**2. What is x(-5)?
6
Let v(m) = -m**2 + 17*m + 1. Let x(a) = 4*a**2 - 104*a - 1. Let l(f) = -6*v(f) - x(f). Give l(5).
55
Let r = 77 + -67. Suppose 2*z - 200 = -p, -4*p + r = p. Let a(t) = t - z - 92 + 189. Give a(2).
0
Let j be (3 + -2)/((-11)/(-44)). Suppose -j*n - 40 = -o, -2*o + 5*n + 50 = 3*n. Let b(u) = u**3 - 21*u**2 + 19*u + 25. What is b(o)?
5
Suppose 3*t - 2*d + 111 = 0, -3 = -d - 0. Let r = t - -28. Let u(g) be the second derivative of -g**3/6 - 15*g**2/2 - 3*g - 22. What is u(r)?
-8
Let p be 50 + -3 - (9/(-3) + 1). Suppose -p*x - 20 = -45*x. Let c(u) = -u**3 - 4*u**2 - u + 1. Calculate c(x).
31
Let p(o) = 5*o**2 + 1. Let k be p(-1). Let d(g) be the third derivative of -g**4/24 - 121*g**2 + 2*g - 2. Determine d(k).
-6
Let o(b) = 3*b - 22. Let y be o(9). Let d(u) = 4*u - 22. Let l(i) = -5*i + 24. Let h(q) = y*l(q) + 6*d(q). Give h(-7).
-5
Let j(c) = -2*c**2 - 7*c + 1. Suppose 123 = -4*h + 3*m + 125, 2*m - 14 = -5*h. Calculate j(h).
-21
Suppose -3 - 12 = -3*b. Suppose -4*k = 2*n - 28 - 16, -b*k = 2*n - 48. Suppose 4*z + 0*l + n = 2*l, -z - 5 = -l. Let s(v) = -2*v**2 - v. Determine s(z).
-6
Let h(v) = v**2 + 7*v + 5. Let o be -4*(-4)/((-40)/35). Let u be (2 + o)/((-12)/30). Suppose 5*c - y - u = 10*c, -30 = 5*c - 5*y. Determine h(c).
-1
Let a(g) be the third derivative of 7*g**6/180 + g**4/24 + 17*g**3/6 - g**2 - 13. Let c(z) be the first derivative of a(z). Give c(-1).
15
Suppose 7*x + 10 = -3*c - 12, -2*c = 3*x + 13. Let m(f) = 5*f**2 - 4*f. Determine m(x).
9
Let y(b) = -16*b - 1. Let c(p) be the second derivative of p**5/10 + 3*p**4/2 + 17*p**3/6 + 9*p**2/2 - 105*p. Let q be c(-8). What is y(q)?
-17
Suppose 6 = s + 2*x, -4*s - x + 2*x = -24. Let g(t) = 81*t + 79*t + 2*t**3 - 2*t**2 - 159*t + s*t**3. What is g(1)?
7
Let p(q) = -q**3 + 17*q**2 - 17*q + 8. Let x(o) = 45*o + 1141. Let h be x(-25). Calculate p(h).
-8
Let k be (8/(-10))/((-1)/(-5)). Let v(z) = -z**2 - 6*z - 7. Let l be v(k). Let q(b) = -3*b + 1. Let h(x) = -5*x + 3. Let r(a) = 2*h(a) - 5*q(a). Calculate r(l).
6
Let r(j) = -3*j**2 + 16*j + 14. Let o be 21 + -1 + (-60)/6 + 1. What is r(o)?
-173
Let c(h) = 3*h + 28. Let a(k) = -k**2 - 102*k + 303. Let p be a(-105). Calculate c(p).
-8
Let w(z) = z**3 - 5*z**2 - 5*z**2 + 3*z**2 + 17*z - 8*z**2 - 61 + 3*z**2. Let a be w(11). Let g(s) = s - 12. Determine g(a).
-7
Suppose 0 = u + 2*x - 4, -3*x - 57 = -5*u + 2*u. Let j be (-1)/((9/18)/((-6)/4)). Suppose 0 = j*m - m - u. Let g(n) = -n**3 + 6*n**2 + 8*n - 6. Calculate g(m).
1
Let m(y) = -y**3 - 32*y**2 - 2*y + 2*y - 8 + 73*y**2 - 34*y**2 - 4*y. Let g be (4/(-10))/((-2)/120). Suppose -2*q = 2*q - g. Determine m(q).
4
Suppose -36*q + 4*q - 354 - 190 = 0. Let i(t) = -t**3 - 16*t**2 + 15*t - 11. Calculate i(q).
23
Let p(r) = -25*r**3 - 6*r**2 + 7*r. Let u(c) = -24*c**3 - 7*c**2 + 8*c. Let x(m) = 7*p(m) - 6*u(m). Let o = -32944 + 32943. Give x(o).
30
Let y be (-295)/35 - -8 - (-884)/(-28). Let k(u) = 2*u + 55. Calculate k(y).
-9
Let b(p) = 11*p + 124. Let y be b(-11). Let l(j) = -3*j + 5 + 6 - j**2 - 8 - y*j. Determine l(-7).
-4
Let g(p) be the third derivative of -p**6/60 + 23*p**5/60 + 5*p**4/6 - 101*p**3/6 + 371*p**2 - 5. Give g(12).
-5
Let p(o) = -o**3 + 3*o**2 - 2. Suppose 5*c = 11*c - 120. Let f be (c/3)/(-10) + 11/3. Calculate p(f).
-2
Suppose 0 = -3*d - 328 + 109. Let c = -67 - d. Supp